{"id":9,"date":"2022-12-05T12:57:45","date_gmt":"2022-12-05T11:57:45","guid":{"rendered":"https:\/\/its-teilmeier.de\/?page_id=9"},"modified":"2025-09-24T15:41:51","modified_gmt":"2025-09-24T13:41:51","slug":"startseite","status":"publish","type":"page","link":"https:\/\/its-teilmeier.de\/","title":{"rendered":"Home"},"content":{"rendered":"\t\t<div data-elementor-type=\"wp-page\" data-elementor-id=\"9\" class=\"elementor elementor-9\" data-elementor-settings=\"{&quot;ha_cmc_init_switcher&quot;:&quot;no&quot;}\">\n\t\t\t\t\t\t<section class=\"elementor-section elementor-top-section elementor-element elementor-element-8d45538 elementor-section-boxed elementor-section-height-default elementor-section-height-default\" data-id=\"8d45538\" data-element_type=\"section\" data-e-type=\"section\" data-settings=\"{&quot;_ha_eqh_enable&quot;:false}\">\n\t\t\t\t\t\t\t<div class=\"elementor-background-overlay\"><\/div>\n\t\t\t\t\t\t\t<div class=\"elementor-container elementor-column-gap-default\">\n\t\t\t\t\t<div class=\"elementor-column elementor-col-100 elementor-top-column elementor-element elementor-element-439edd1\" data-id=\"439edd1\" data-element_type=\"column\" data-e-type=\"column\">\n\t\t\t<div class=\"elementor-widget-wrap elementor-element-populated\">\n\t\t\t\t\t\t<div class=\"elementor-element elementor-element-a3ec5f5 ha-infobox-media-dir-top ha-has-bg-overlay elementor-widget elementor-widget-ha-infobox happy-addon ha-infobox\" data-id=\"a3ec5f5\" data-element_type=\"widget\" data-e-type=\"widget\" data-widget_type=\"ha-infobox.default\">\n\t\t\t\t<div class=\"elementor-widget-container\">\n\t\t\t\t\t\n\t\t\t\t\t<figure class=\"ha-infobox-figure ha-infobox-figure--icon\">\n\t\t\t\t<svg xmlns=\"http:\/\/www.w3.org\/2000\/svg\" width=\"512\" height=\"512\" viewBox=\"0 0 512 512\"><rect x=\"24\" y=\"24\" width=\"464\" height=\"464\" rx=\"56\" ry=\"56\" fill=\"#0078D4\"><\/rect><g transform=\"translate(84,100) scale(1.05)\" fill=\"#FFFFFF\"><rect x=\"0\" y=\"0\" width=\"160\" height=\"120\" rx=\"6\" ry=\"6\"><\/rect><rect x=\"172\" y=\"0\" width=\"160\" height=\"120\" rx=\"6\" ry=\"6\"><\/rect><rect x=\"0\" y=\"132\" width=\"160\" height=\"120\" rx=\"6\" ry=\"6\"><\/rect><rect x=\"172\" y=\"132\" width=\"160\" height=\"120\" rx=\"6\" ry=\"6\"><\/rect><\/g><g transform=\"translate(300,290)\"><path d=\"M56 0c18 14 40 18 56 20 0 52-12 92-56 124-44-32-56-72-56-124 16-2 38-6 56-20z\" fill=\"#FFFFFF\"><\/path><rect x=\"54\" y=\"34\" width=\"4\" height=\"46\" rx=\"2\" ry=\"2\" fill=\"#0078D4\"><\/rect><circle cx=\"56\" cy=\"88\" r=\"6\" fill=\"#0078D4\"><\/circle><\/g><g transform=\"translate(52,340)\"><rect x=\"0\" y=\"0\" width=\"152\" height=\"100\" rx=\"16\" ry=\"16\" fill=\"#FFFFFF\"><\/rect><rect x=\"0\" y=\"0\" width=\"152\" height=\"28\" rx=\"16\" ry=\"16\" fill=\"#005EA6\"><\/rect><circle cx=\"26\" cy=\"14\" r=\"4\" fill=\"#FFFFFF\"><\/circle><circle cx=\"126\" cy=\"14\" r=\"4\" fill=\"#FFFFFF\"><\/circle><g transform=\"translate(40,32)\" fill=\"#0B3A66\"><rect x=\"12\" y=\"0\" width=\"8\" height=\"36\"><\/rect><rect x=\"44\" y=\"0\" width=\"8\" height=\"22\"><\/rect><rect x=\"44\" y=\"16\" width=\"24\" height=\"8\"><\/rect><rect x=\"60\" y=\"0\" width=\"8\" height=\"36\"><\/rect><\/g><text x=\"76\" y=\"86\" text-anchor=\"middle\" font-family=\"Arial, Helvetica, sans-serif\" font-size=\"18\" font-weight=\"600\" fill=\"#0B3A66\">Okt.<\/text><\/g><\/svg>\t\t\t<\/figure>\n\t\t\n\t\t<div class=\"ha-infobox-body\">\n\t\t\t<h2 class=\"ha-infobox-title\">Windows 10: Sicherheitsupdates enden am 14. Oktober 2025 \u2013 so bleiben Sie gesch\u00fctzt<\/h2>\n\t\t\t\t\t\t\t<div class=\"ha-infobox-text\">\n\t\t\t\t\t<p><br>Microsoft beendet am <strong>14. Oktober 2025<\/strong> den kostenlosen Support f\u00fcr Windows 10. Ab diesem Datum erh\u00e4lt Windows 10 <strong>keine Sicherheitsupdates<\/strong> mehr \u2013 Rechner bleiben zwar funktionsf\u00e4hig, sind ohne Updates jedoch einem h\u00f6heren Risiko durch Schadsoftware ausgesetzt.<br><br>\n<strong>Was bedeutet das f\u00fcr Sie?<\/strong><br><br>\n\n<strong>Wer ist betroffen?<\/strong> Alle g\u00e4ngigen Windows-10-Editionen (Home, Pro, Enterprise, Education u. a.). \n<span class=\"\"><span class=\"ms-1 inline-flex max-w-full items-center relative top-[-0.094rem] animate-[show_150ms_ease-in]\"><br><\/span><\/span><br>\n<strong>Welche Optionen haben Sie?<\/strong><br><br>\n\n<strong>Upgrade auf Windows 11<\/strong> \u2013 wenn die Hardware kompatibel ist (Tipp: PC Health Check nutzen). \n<span class=\"\"><span class=\"ms-1 inline-flex max-w-full items-center relative top-[-0.094rem] animate-[show_150ms_ease-in]\"><br><\/span><\/span><br>\n\n<strong>Extended Security Updates (ESU)<\/strong> \u2013 <strong>kostenpflichtiges<\/strong> Microsoft-Programm, mit dem Sie nach dem 14. 10. 2025 weiterhin <strong>kritische\/ wichtige Sicherheitsupdates<\/strong> erhalten. Die ESU werden <strong>j\u00e4hrlich<\/strong> gebucht. Details und Verf\u00fcgbarkeit finden Sie bei Microsoft. \n<span class=\"\"><span class=\"ms-1 inline-flex max-w-full items-center relative top-[-0.094rem] animate-[show_150ms_ease-in]\"><br><\/span><\/span><br>\n\n<strong>Neues, Windows-11-f\u00e4higes Ger\u00e4t<\/strong> \u2013 falls Ihr aktueller PC die Voraussetzungen nicht erf\u00fcllt. \n<span class=\"\"><span class=\"ms-1 inline-flex max-w-full items-center relative top-[-0.094rem] animate-[show_150ms_ease-in]\"><br><\/span><\/span><br>\n<strong>Meine Empfehlung<\/strong><br>\nPlanen Sie die n\u00e4chsten Schritte <strong>jetzt<\/strong>, damit es nicht hektisch wird. Ich pr\u00fcfe gern Ihre Ger\u00e4te auf Windows-11-Tauglichkeit, berate zur ESU-Option und begleite bei Upgrade oder Ger\u00e4teaustausch.<br><br>\n<strong>Fragen?<\/strong><br>\nMelden Sie sich \u2013 ich helfe schnell und unkompliziert.<span style=\"letter-spacing: 0px\"><\/span><\/p>\n\t\t\t\t<\/div>\n\t\t\t\n\t\t\t\t\t<\/div>\n\t\t\t\t\t\t<\/div>\n\t\t\t\t<\/div>\n\t\t\t\t\t<\/div>\n\t\t<\/div>\n\t\t\t\t\t<\/div>\n\t\t<\/section>\n\t\t\t\t<section class=\"elementor-section elementor-top-section elementor-element elementor-element-adec99f elementor-section-full_width elementor-section-height-default elementor-section-height-default\" data-id=\"adec99f\" data-element_type=\"section\" data-e-type=\"section\" data-settings=\"{&quot;_ha_eqh_enable&quot;:false}\">\n\t\t\t\t\t\t<div class=\"elementor-container elementor-column-gap-default\">\n\t\t\t\t\t<div class=\"elementor-column elementor-col-100 elementor-top-column elementor-element elementor-element-0626b74\" data-id=\"0626b74\" data-element_type=\"column\" data-e-type=\"column\">\n\t\t\t<div class=\"elementor-widget-wrap elementor-element-populated\">\n\t\t\t\t\t\t<div class=\"elementor-element elementor-element-feeff78 ha-image-accordion-mobile-vertical ha-image-accordion-horizontal ha-image-accordion-click elementor-widget elementor-widget-ha-image-accordion happy-addon ha-image-accordion\" data-id=\"feeff78\" data-element_type=\"widget\" data-e-type=\"widget\" data-widget_type=\"ha-image-accordion.default\">\n\t\t\t\t<div class=\"elementor-widget-container\">\n\t\t\t\t\t        <div class=\"ha-image-accordion-wrapper\">\n            <div class=\"ha-ia-container\">\n                <div class=\"ha-ia-gallery-wrap\">\n                                            <div style=\"background-image:inherit;\" class=\"ha-ia-item active lazyload\" data-bg-image=\"url(&#039;https:\/\/its-teilmeier.de\/wp-content\/uploads\/2022\/12\/29054476-schnelles-internet-auch-fuer-die-kreisstadt-waehrend-in-vielen-umliegenden-kommunen-der-glasfaserausbau-schon-laeuft-soll-er-nun-auch-in-limburg-29e9.jpg&#039;)\">\n                            <div class=\"ha-overlay\">\n                                <div class=\"ha-ia-content-wrapper ha_fadeInUp\">\n                                                                                                                <span class=\"ha-ia-content-label\">Hausanschl\u00fcsse<\/span>\n                                                                        <div class=\"ha-ia-content-icon-title ha-ia-icon-left\">\n                                                                                <span class=\"ha-ia-content-title\">Glasfaser, Kupfer, LTE<\/span>\n                                    <\/div>\n                                    <div class=\"ha-ia-content-description\">Herstellung der Verbindung zu Ihrem Provider<\/div>                                                                    <\/div>\n                            <\/div>\n                        <\/div>\n                                            <div style=\"background-image:inherit;\" class=\"ha-ia-item lazyload\" data-bg-image=\"url(&#039;https:\/\/its-teilmeier.de\/wp-content\/uploads\/2022\/12\/k-IMG20221212092151.jpg&#039;)\">\n                            <div class=\"ha-overlay\">\n                                <div class=\"ha-ia-content-wrapper ha_fadeInUp\">\n                                                                                                                <span class=\"ha-ia-content-label\">PC Bau<\/span>\n                                                                        <div class=\"ha-ia-content-icon-title ha-ia-icon-left\">\n                                                                                <span class=\"ha-ia-content-title\">Gaming, Office, Barebone<\/span>\n                                    <\/div>\n                                    <div class=\"ha-ia-content-description\">Sie haben die Wahl<\/div>                                                                    <\/div>\n                            <\/div>\n                        <\/div>\n                                            <div style=\"background-image:inherit;\" class=\"ha-ia-item lazyload\" data-bg-image=\"url(&#039;https:\/\/its-teilmeier.de\/wp-content\/uploads\/2022\/12\/Screenshot-2022-12-31-110647.jpg&#039;)\">\n                            <div class=\"ha-overlay\">\n                                <div class=\"ha-ia-content-wrapper ha_fadeInUp\">\n                                                                                                                <span class=\"ha-ia-content-label\">Elektronikarbeiten<\/span>\n                                                                        <div class=\"ha-ia-content-icon-title ha-ia-icon-left\">\n                                                                                <span class=\"ha-ia-content-title\">Schaltungsdesign, Test, Prototypenbau<\/span>\n                                    <\/div>\n                                                                                                        <\/div>\n                            <\/div>\n                        <\/div>\n                                    <\/div>\n            <\/div>\n        <\/div>\n\t\t\t\t<\/div>\n\t\t\t\t<\/div>\n\t\t\t\t\t<\/div>\n\t\t<\/div>\n\t\t\t\t\t<\/div>\n\t\t<\/section>\n\t\t\t\t<section class=\"elementor-section elementor-top-section elementor-element elementor-element-197715c7 elementor-section-full_width elementor-section-height-min-height elementor-section-height-default elementor-section-items-middle\" data-id=\"197715c7\" data-element_type=\"section\" data-e-type=\"section\" data-settings=\"{&quot;_ha_eqh_enable&quot;:false}\">\n\t\t\t\t\t\t<div class=\"elementor-container elementor-column-gap-default\">\n\t\t\t\t\t<div class=\"elementor-column elementor-col-100 elementor-top-column elementor-element elementor-element-70d700a9\" data-id=\"70d700a9\" data-element_type=\"column\" data-e-type=\"column\">\n\t\t\t<div class=\"elementor-widget-wrap\">\n\t\t\t\t\t\t\t<\/div>\n\t\t<\/div>\n\t\t\t\t\t<\/div>\n\t\t<\/section>\n\t\t\t\t<\/div>\n\t\t","protected":false},"excerpt":{"rendered":"<p>Okt. Windows 10: Sicherheitsupdates enden am 14. Oktober 2025 \u2013 so bleiben Sie gesch\u00fctzt Microsoft beendet am 14. Oktober 2025 den kostenlosen Support f\u00fcr Windows 10. Ab diesem Datum erh\u00e4lt Windows 10 keine Sicherheitsupdates mehr \u2013 Rechner bleiben zwar funktionsf\u00e4hig, sind ohne Updates jedoch einem h\u00f6heren Risiko durch Schadsoftware ausgesetzt. Was bedeutet das f\u00fcr Sie? [&hellip;]<\/p>\n","protected":false},"author":1,"featured_media":0,"parent":0,"menu_order":0,"comment_status":"closed","ping_status":"closed","template":"elementor_header_footer","meta":{"content-type":"","footnotes":""},"class_list":["post-9","page","type-page","status-publish","hentry"],"_links":{"self":[{"href":"https:\/\/its-teilmeier.de\/index.php\/wp-json\/wp\/v2\/pages\/9","targetHints":{"allow":["GET"]}}],"collection":[{"href":"https:\/\/its-teilmeier.de\/index.php\/wp-json\/wp\/v2\/pages"}],"about":[{"href":"https:\/\/its-teilmeier.de\/index.php\/wp-json\/wp\/v2\/types\/page"}],"author":[{"embeddable":true,"href":"https:\/\/its-teilmeier.de\/index.php\/wp-json\/wp\/v2\/users\/1"}],"replies":[{"embeddable":true,"href":"https:\/\/its-teilmeier.de\/index.php\/wp-json\/wp\/v2\/comments?post=9"}],"version-history":[{"count":33,"href":"https:\/\/its-teilmeier.de\/index.php\/wp-json\/wp\/v2\/pages\/9\/revisions"}],"predecessor-version":[{"id":328,"href":"https:\/\/its-teilmeier.de\/index.php\/wp-json\/wp\/v2\/pages\/9\/revisions\/328"}],"wp:attachment":[{"href":"https:\/\/its-teilmeier.de\/index.php\/wp-json\/wp\/v2\/media?parent=9"}],"curies":[{"name":"wp","href":"https:\/\/api.w.org\/{rel}","templated":true}]}}